{"id":62,"date":"2012-11-17T13:03:51","date_gmt":"2012-11-17T11:03:51","guid":{"rendered":"http:\/\/www.ig-t3.de\/wordpress\/?page_id=62"},"modified":"2024-05-31T12:10:37","modified_gmt":"2024-05-31T10:10:37","slug":"partner-der-ig-t3","status":"publish","type":"page","link":"https:\/\/www.ig-t3.de\/?page_id=62","title":{"rendered":"Partner, Clubs und Vereine"},"content":{"rendered":"\n<p><img loading=\"lazy\" decoding=\"async\" width=\"114\" height=\"114\" src=\"https:\/\/bullikartei.de\/wp-content\/uploads\/2019\/11\/bulli.png\"><\/p>\n\n\n\n<p><strong>Bulli-Kartei. e.V.<\/strong><br>Unser Schwesterverein f\u00fcr den T1 (1949-1967)<br><a href=\"http:\/\/www.bullikartei.de\" target=\"_blank\" rel=\"noreferrer noopener\">www.bullikartei.de<\/a><\/p>\n\n\n\n<p><\/p>\n\n\n\n<figure class=\"wp-block-image size-full\"><a href=\"https:\/\/www.ig-t3.de\/wp-content\/uploads\/2024\/05\/ADAC-Logo.svg_.png\"><img loading=\"lazy\" decoding=\"async\" width=\"120\" height=\"120\" src=\"https:\/\/www.ig-t3.de\/wp-content\/uploads\/2024\/05\/ADAC-Logo.svg_.png\" alt=\"\" class=\"wp-image-1630\"\/><\/a><\/figure>\n\n\n\n<p><strong>ADAC<\/strong><br>Der gr\u00f6\u00dfte deutsche Automobilclub.<br>Wir sind ein Korporativmitglied<br><a href=\"http:\/\/www.adac.de\" target=\"_blank\" rel=\"noreferrer noopener\">www.adac.de<\/a><\/p>\n\n\n\n<p><\/p>\n\n\n\n<figure class=\"wp-block-image size-full\"><a href=\"https:\/\/www.ig-t3.de\/wp-content\/uploads\/2024\/05\/deuvet.jpg\"><img loading=\"lazy\" decoding=\"async\" width=\"156\" height=\"84\" src=\"https:\/\/www.ig-t3.de\/wp-content\/uploads\/2024\/05\/deuvet.jpg\" alt=\"\" class=\"wp-image-1631\"\/><\/a><\/figure>\n\n\n\n<p><strong>DEUVET<\/strong> Bundesverband Oldtimer-Youngtimer e.V.<br>Die Interessenvertretung f\u00fcr Old- und Yougtimer bei Politik und Gesetzgebung<br>Wir sind Vereinsmitglied<br><a href=\"https:\/\/deuvet.de\/\">https:\/\/deuvet.de\/<\/a><\/p>\n\n\n\n<p><\/p>\n\n\n\n<figure class=\"wp-block-image\"><img decoding=\"async\" src=\"https:\/\/www.automuseum-volkswagen.de\/wp-content\/uploads\/2022\/06\/Logo-Automuseum.png\" alt=\"\"\/><\/figure>\n\n\n\n<p><strong>Stiftung AutoMuseum Volkswagen<\/strong><br><a href=\"http:\/\/automuseum.volkswagen.de\" target=\"_blank\" rel=\"noreferrer noopener\">automuseum.volkswagen.de<\/a><\/p>\n\n\n\n<p><\/p>\n\n\n\n<figure class=\"wp-block-image size-full\"><a href=\"https:\/\/www.ig-t3.de\/wp-content\/uploads\/2024\/05\/image-2.png\"><img loading=\"lazy\" decoding=\"async\" width=\"167\" height=\"193\" src=\"https:\/\/www.ig-t3.de\/wp-content\/uploads\/2024\/05\/image-2.png\" alt=\"\" class=\"wp-image-1632\"\/><\/a><\/figure>\n\n\n\n<p><strong>Deutscher Automobil-Veteranen-Club e.V.<\/strong><br><a href=\"http:\/\/www.davc.de\/\">http:\/\/www.davc.de\/<\/a><\/p>\n\n\n\n<p><\/p>\n\n\n\n<p><img loading=\"lazy\" decoding=\"async\" width=\"476\" height=\"132\" src=\"https:\/\/www.vw-bulli.de\/files\/bulli\/neu\/logo.png\"><\/p>\n\n\n\n<p><strong>VW-Bulli.de<\/strong><br><a href=\"http:\/\/www.vw-bulli.de\" target=\"_blank\" rel=\"noreferrer noopener\">www.vw-bulli.de<\/a><\/p>\n\n\n\n<p><\/p>\n\n\n\n<p><\/p>\n\n\n\n<figure class=\"wp-block-image size-full is-resized\"><a href=\"https:\/\/www.ig-t3.de\/wp-content\/uploads\/2024\/05\/image.png\"><img loading=\"lazy\" decoding=\"async\" width=\"228\" height=\"153\" src=\"https:\/\/www.ig-t3.de\/wp-content\/uploads\/2024\/05\/image.png\" alt=\"\" class=\"wp-image-1605\" style=\"width:253px;height:auto\"\/><\/a><\/figure>\n\n\n\n<p><strong>Interessgemeinschaft T2<\/strong><br><a href=\"https:\/\/www.bulli.org\">https:\/\/www.bulli.org<\/a><\/p>\n\n\n\n<p><img loading=\"lazy\" decoding=\"async\" width=\"0\" height=\"0\" src=\"https:\/\/www.volkswagen-classic-parts.com\/content\/experience-fragments\/b2c\/language-masters\/de\/site\/header\/de_de\/_jcr_content\/root\/responsivegrid\/header\/image.coreimg.svg\/1627388080003\/logo.svg\"><\/p>\n\n\n\n<p><br><\/p>\n","protected":false},"excerpt":{"rendered":"<p>Bulli-Kartei. e.V.Unser Schwesterverein f\u00fcr den T1 (1949-1967)www.bullikartei.de ADACDer gr\u00f6\u00dfte deutsche Automobilclub.Wir sind ein Korporativmitgliedwww.adac.de DEUVET Bundesverband Oldtimer-Youngtimer e.V.Die Interessenvertretung f\u00fcr Old- und Yougtimer bei Politik und GesetzgebungWir sind Vereinsmitgliedhttps:\/\/deuvet.de\/ Stiftung AutoMuseum Volkswagenautomuseum.volkswagen.de Deutscher Automobil-Veteranen-Club e.V.http:\/\/www.davc.de\/ VW-Bulli.dewww.vw-bulli.de Interessgemeinschaft T2https:\/\/www.bulli.org<\/p>\n","protected":false},"author":1,"featured_media":0,"parent":0,"menu_order":6,"comment_status":"closed","ping_status":"closed","template":"","meta":{"footnotes":""},"class_list":["post-62","page","type-page","status-publish","hentry"],"_links":{"self":[{"href":"https:\/\/www.ig-t3.de\/index.php?rest_route=\/wp\/v2\/pages\/62","targetHints":{"allow":["GET"]}}],"collection":[{"href":"https:\/\/www.ig-t3.de\/index.php?rest_route=\/wp\/v2\/pages"}],"about":[{"href":"https:\/\/www.ig-t3.de\/index.php?rest_route=\/wp\/v2\/types\/page"}],"author":[{"embeddable":true,"href":"https:\/\/www.ig-t3.de\/index.php?rest_route=\/wp\/v2\/users\/1"}],"replies":[{"embeddable":true,"href":"https:\/\/www.ig-t3.de\/index.php?rest_route=%2Fwp%2Fv2%2Fcomments&post=62"}],"version-history":[{"count":23,"href":"https:\/\/www.ig-t3.de\/index.php?rest_route=\/wp\/v2\/pages\/62\/revisions"}],"predecessor-version":[{"id":1639,"href":"https:\/\/www.ig-t3.de\/index.php?rest_route=\/wp\/v2\/pages\/62\/revisions\/1639"}],"wp:attachment":[{"href":"https:\/\/www.ig-t3.de\/index.php?rest_route=%2Fwp%2Fv2%2Fmedia&parent=62"}],"curies":[{"name":"wp","href":"https:\/\/api.w.org\/{rel}","templated":true}]}}