{"id":59,"date":"2012-11-17T12:51:29","date_gmt":"2012-11-17T10:51:29","guid":{"rendered":"http:\/\/www.ig-t3.de\/wordpress\/?page_id=59"},"modified":"2025-07-01T15:59:57","modified_gmt":"2025-07-01T13:59:57","slug":"ig-t3-treffen","status":"publish","type":"page","link":"https:\/\/www.ig-t3.de\/?page_id=59","title":{"rendered":"IG-T3 Treffen"},"content":{"rendered":"<p align=\"justify\">In diesem Bereich der Homepage informieren wir Euch \u00fcber eigene, anstehende Veranstaltungen und Treffen, und solche, an denen wir teilgenommen oder uns pr\u00e4sentiert haben.<br \/>Unser einmal j\u00e4hrlich stattfindendes Haupttreffen mit Mitgliederversammlung finden immer am Himmelfahrtswochende (M\u00e4nner-\/Vatertag) statt. Von Beginn unseres Bestehens geh\u00f6rte es zur Tradition, dass das Treffen jedes Mal von einem anderen Mitglied veranstaltet wird. Dadurch k\u00f6nnen wir das Treffenprogramm sehr abwechslungsreich gestalten &#8211; unter den Highlites der letzten Jahre geh\u00f6rt der Besuch von Ferropolis in der N\u00e4he von Bitterfeld, das Porsche-Museum in Stuttgart und die gl\u00e4serne Manufaktur in Dresden.<\/p>\n<p align=\"justify\">Das Jahrestreffen 2025 mit Mitgliederversammlung hat in Franken stattgefunden.<\/p>\n\n\n<p>Aktuell sieht die Planung f\u00fcr die n\u00e4chsten Jahrestreffen der IG-T3 wie folgt aus:<\/p>\n\n\n\n<p>2026 Westerwald, ausgerichtet von Leo#15 &#8211; hier findet auch die n\u00e4chste Vorstandswahl statt<br>2027 Sachsen, ausgerichtet von den Sachsenbullis<\/p>\n\n\n\n<p>Wer gerne ein Jahrestreffen ausrichten m\u00f6chte, wendet sich bitte an die Redaktion (Jane#14).<\/p>\n","protected":false},"excerpt":{"rendered":"<p>In diesem Bereich der Homepage informieren wir Euch \u00fcber eigene, anstehende Veranstaltungen und Treffen, und solche, an denen wir teilgenommen oder uns pr\u00e4sentiert haben.Unser einmal j\u00e4hrlich stattfindendes Haupttreffen mit Mitgliederversammlung finden immer am Himmelfahrtswochende (M\u00e4nner-\/Vatertag) statt. Von Beginn unseres Bestehens &hellip; <a href=\"https:\/\/www.ig-t3.de\/?page_id=59\">Weiterlesen <span class=\"meta-nav\">&rarr;<\/span><\/a><\/p>\n","protected":false},"author":1,"featured_media":0,"parent":0,"menu_order":10,"comment_status":"closed","ping_status":"closed","template":"","meta":{"footnotes":""},"class_list":["post-59","page","type-page","status-publish","hentry"],"_links":{"self":[{"href":"https:\/\/www.ig-t3.de\/index.php?rest_route=\/wp\/v2\/pages\/59","targetHints":{"allow":["GET"]}}],"collection":[{"href":"https:\/\/www.ig-t3.de\/index.php?rest_route=\/wp\/v2\/pages"}],"about":[{"href":"https:\/\/www.ig-t3.de\/index.php?rest_route=\/wp\/v2\/types\/page"}],"author":[{"embeddable":true,"href":"https:\/\/www.ig-t3.de\/index.php?rest_route=\/wp\/v2\/users\/1"}],"replies":[{"embeddable":true,"href":"https:\/\/www.ig-t3.de\/index.php?rest_route=%2Fwp%2Fv2%2Fcomments&post=59"}],"version-history":[{"count":28,"href":"https:\/\/www.ig-t3.de\/index.php?rest_route=\/wp\/v2\/pages\/59\/revisions"}],"predecessor-version":[{"id":1661,"href":"https:\/\/www.ig-t3.de\/index.php?rest_route=\/wp\/v2\/pages\/59\/revisions\/1661"}],"wp:attachment":[{"href":"https:\/\/www.ig-t3.de\/index.php?rest_route=%2Fwp%2Fv2%2Fmedia&parent=59"}],"curies":[{"name":"wp","href":"https:\/\/api.w.org\/{rel}","templated":true}]}}