{"id":182,"date":"2013-06-06T12:16:22","date_gmt":"2013-06-06T10:16:22","guid":{"rendered":"http:\/\/www.ig-t3.de\/wordpress\/?page_id=182"},"modified":"2024-06-26T22:50:27","modified_gmt":"2024-06-26T20:50:27","slug":"neuanmeldung-ig-t3","status":"publish","type":"page","link":"https:\/\/www.ig-t3.de\/?page_id=182","title":{"rendered":"Neuanmeldung IG-T3"},"content":{"rendered":"<p>Der Interessengemeinschaft T3 kann grunds\u00e4tzlich jede nat\u00fcrliche und juristische Person beitreten. Dabei spielt es keine Rolle, ob sie nun schon lange ein solches Fahrzeug besitzt, sich mit dem Gedanken tr\u00e4gt, eins zu beschaffen oder sich einfach nur f\u00fcr dieses Fahrzeug interessiert.<\/p>\n<p>Jede Person \u00fcber 18 Jahren kann aktives Mitglied werden und erh\u00e4lt volles Stimmrecht auf den beschlie\u00dfenden Versammlungen der IG-T3. Paare, egal ob verheiratet oder in einer ehe\u00e4hnlichen Gemeinschaft, k\u00f6nnen zudem die Form einer Partnermitgliedschaft w\u00e4hlen. Beide haben jeweils einzeln volles Stimmrecht.<\/p>\n<p>Selbstverst\u00e4ndlich haben die Kinder von Mitgliedern durch eine passive Mitgliedschaft das Recht und die M\u00f6glichkeit, an allen Veranstaltungen der IG-T3 teilzunehmen. Dies schlie\u00dft auch die j\u00e4hrliche Mitgliederversammlung ein, allerdings k\u00f6nnen sie dort nicht \u00fcber Antr\u00e4ge abstimmen oder w\u00e4hlen.<\/p>\n<p>Die Mitgliedsbeitr\u00e4ge f\u00fcr das Gesch\u00e4ftsjahr (01. Januar bis 31. Dezember) betragen derzeit f\u00fcr Einzelmitgliedschaften 17,50 Euro und f\u00fcr Partnermitgliedschaften 27,50 Euro. Ab dem 01.01.2025 werden die Mitgliedsbeitr\u00e4ge auf 25,00 Euro f\u00fcr Einzelmitgliedschaften und 35,00 Euro f\u00fcr Partnermitgliedschaften erh\u00f6ht.<\/p>\n<p>Die Beitr\u00e4ge sind bis zum 01. November f\u00fcr das kommende Gesch\u00e4ftsjahr zu entrichten. Ein Lastschriftverfahren wird zum Gesch\u00e4ftsjahr 2025 angeboten. Alternativ k\u00f6nnen auch Dauerauftr\u00e4ge f\u00fcr die reibungslose und z\u00fcgige Beitragsabwicklung eingerichtet werden.<\/p>\n<p>Um Mitglied der IG-T3 zu werden, einfach das folgende Formular ausf\u00fcllen. Pflichtfelder sind mit einem Sternchen gekennzeichnet. F\u00fcr eine Partnermitgliedschaft bitte das entsprechende H\u00e4kchen setzen. Im Info-Feld\u00a0 kannst Du zum Beispiel Angaben zu Deinem &#8222;Spezialgebieten&#8220; (KFZ-Elektrik, Getriebeschrauber, Teileh\u00e4ndler&#8230;) oder zu Deinem Bulli machen.<\/p>\n<p>Nach der Anmeldung erh\u00e4ltst Du so schnell wie m\u00f6glich Nachricht von unserem Kassenwart. Bitte hab ein wenig Geduld, solltet Ihr nicht umgehend eine Nachricht erhalten. Die Vorstandst\u00e4tigkeit in unserem Verein ist ehrenamtlich.<\/p>\n<p>Eure Mitgliedschaft beginnt nach dem Eingang des Erstbeitrages. Anschlie\u00dfend erh\u00e4ltst Du alle Unterlagen einschlie\u00dflich der Mitgliedsnummer per E-Mail sowie per Post.<\/p>\n<p>Bei R\u00fcckfragen kannst Du Dich auch vorab per E-Mail an info (\u00e4t) IG-t3.de an uns wenden.<\/p>\n<p>\u00a0<\/p>\n\n\n<div class=\"wp-block-contact-form-7-contact-form-selector\">\n<div class=\"wpcf7 no-js\" id=\"wpcf7-f1617-o1\" lang=\"de-DE\" dir=\"ltr\" data-wpcf7-id=\"1617\">\n<div class=\"screen-reader-response\"><p role=\"status\" aria-live=\"polite\" aria-atomic=\"true\"><\/p> <ul><\/ul><\/div>\n<form action=\"\/index.php?rest_route=%2Fwp%2Fv2%2Fpages%2F182#wpcf7-f1617-o1\" method=\"post\" class=\"wpcf7-form init wpcf7-acceptance-as-validation\" aria-label=\"Kontaktformular\" novalidate=\"novalidate\" data-status=\"init\">\n<fieldset class=\"hidden-fields-container\"><input type=\"hidden\" name=\"_wpcf7\" value=\"1617\" \/><input type=\"hidden\" name=\"_wpcf7_version\" value=\"6.1.5\" \/><input type=\"hidden\" name=\"_wpcf7_locale\" value=\"de_DE\" \/><input type=\"hidden\" name=\"_wpcf7_unit_tag\" value=\"wpcf7-f1617-o1\" \/><input type=\"hidden\" name=\"_wpcf7_container_post\" value=\"0\" \/><input type=\"hidden\" name=\"_wpcf7_posted_data_hash\" value=\"\" \/><input type=\"hidden\" name=\"_wpcf7_recaptcha_response\" value=\"\" \/>\n<\/fieldset>\n<p><label> Art der Mitgliedschaft*<br \/>\n<span class=\"wpcf7-form-control-wrap\" data-name=\"checkbox-113\"><span class=\"wpcf7-form-control wpcf7-checkbox wpcf7-validates-as-required wpcf7-exclusive-checkbox\"><span class=\"wpcf7-list-item first\"><label><span class=\"wpcf7-list-item-label\">Einzelmitgliedschaft<\/span><input type=\"checkbox\" name=\"checkbox-113\" value=\"Einzelmitgliedschaft\" \/><\/label><\/span><span class=\"wpcf7-list-item last\"><label><span class=\"wpcf7-list-item-label\">Partnermitgliedschaft<\/span><input type=\"checkbox\" name=\"checkbox-113\" value=\"Partnermitgliedschaft\" \/><\/label><\/span><\/span><\/span> <\/label>\n<\/p>\n<p><label> Dein Vor- und Nachname*<br \/>\n<span class=\"wpcf7-form-control-wrap\" data-name=\"your-name\"><input size=\"40\" maxlength=\"400\" class=\"wpcf7-form-control wpcf7-text wpcf7-validates-as-required\" autocomplete=\"name\" aria-required=\"true\" aria-invalid=\"false\" value=\"\" type=\"text\" name=\"your-name\" \/><\/span> <\/label><br \/>\n<label> Stra\u00dfe und Hausnr. oder Postfach*<br \/>\n<span class=\"wpcf7-form-control-wrap\" data-name=\"text-Str-Nr\"><input size=\"40\" maxlength=\"400\" class=\"wpcf7-form-control wpcf7-text wpcf7-validates-as-required\" aria-required=\"true\" aria-invalid=\"false\" value=\"\" type=\"text\" name=\"text-Str-Nr\" \/><\/span> <\/label><br \/>\n<label> PLZ*<br \/>\n<span class=\"wpcf7-form-control-wrap\" data-name=\"text-PLZ\"><input size=\"40\" maxlength=\"400\" class=\"wpcf7-form-control wpcf7-text wpcf7-validates-as-required\" aria-required=\"true\" aria-invalid=\"false\" value=\"\" type=\"text\" name=\"text-PLZ\" \/><\/span> <\/label><br \/>\n<label> Ort*<br \/>\n<span class=\"wpcf7-form-control-wrap\" data-name=\"text-Ort\"><input size=\"40\" maxlength=\"400\" class=\"wpcf7-form-control wpcf7-text wpcf7-validates-as-required\" aria-required=\"true\" aria-invalid=\"false\" value=\"\" type=\"text\" name=\"text-Ort\" \/><\/span> <\/label><br \/>\n<label> Land<br \/>\n<span class=\"wpcf7-form-control-wrap\" data-name=\"text-Land\"><input size=\"40\" maxlength=\"400\" class=\"wpcf7-form-control wpcf7-text\" aria-invalid=\"false\" placeholder=\"Deutschland\" value=\"\" type=\"text\" name=\"text-Land\" \/><\/span> <\/label><br \/>\n<label> Geburtsdatum*<br \/>\n<span class=\"wpcf7-form-control-wrap\" data-name=\"Geb-Datum\"><input class=\"wpcf7-form-control wpcf7-date wpcf7-validates-as-required wpcf7-validates-as-date\" min=\"1935-01-01\" max=\"2010-01-01\" aria-required=\"true\" aria-invalid=\"false\" value=\"\" type=\"date\" name=\"Geb-Datum\" \/><\/span> <\/label><br \/>\n<label> Telefonnr. (Fest od. Mobil)<br \/>\n<span class=\"wpcf7-form-control-wrap\" data-name=\"tel-511\"><input size=\"40\" maxlength=\"400\" class=\"wpcf7-form-control wpcf7-tel wpcf7-text wpcf7-validates-as-tel\" aria-invalid=\"false\" value=\"\" type=\"tel\" name=\"tel-511\" \/><\/span> <\/label><br \/>\n<label> [group Partnermitgliedschaft]<br \/>\n<\/label><label> Partner: Vor- und Nachname<br \/>\n<span class=\"wpcf7-form-control-wrap\" data-name=\"PartnerName\"><input size=\"40\" maxlength=\"400\" class=\"wpcf7-form-control wpcf7-text\" aria-invalid=\"false\" value=\"\" type=\"text\" name=\"PartnerName\" \/><\/span> <\/label><br \/>\n<label> Partner: Geb. Datum<br \/>\n<span class=\"wpcf7-form-control-wrap\" data-name=\"date-Partner-Geb\"><input class=\"wpcf7-form-control wpcf7-date wpcf7-validates-as-date\" min=\"1935-01-01\" max=\"2010-01-01\" aria-invalid=\"false\" value=\"\" type=\"date\" name=\"date-Partner-Geb\" \/><\/span> <\/label><br \/>\n[\/group] <br \/>\nLastschrift<br \/>\n<span class=\"wpcf7-form-control-wrap\" data-name=\"checkbox-44\"><span class=\"wpcf7-form-control wpcf7-checkbox wpcf7-validates-as-required wpcf7-exclusive-checkbox\"><span class=\"wpcf7-list-item first\"><label><span class=\"wpcf7-list-item-label\">Ja<\/span><input type=\"checkbox\" name=\"checkbox-44\" value=\"Ja\" \/><\/label><\/span><span class=\"wpcf7-list-item last\"><label><span class=\"wpcf7-list-item-label\">Nein<\/span><input type=\"checkbox\" name=\"checkbox-44\" value=\"Nein\" \/><\/label><\/span><\/span><\/span><br \/>\n<label> E-Mail-Adresse*<br \/>\n<span class=\"wpcf7-form-control-wrap\" data-name=\"your-email\"><input size=\"40\" maxlength=\"400\" class=\"wpcf7-form-control wpcf7-email wpcf7-validates-as-required wpcf7-text wpcf7-validates-as-email\" autocomplete=\"email\" aria-required=\"true\" aria-invalid=\"false\" value=\"\" type=\"email\" name=\"your-email\" \/><\/span> <\/label><br \/>\n<label> IG-T3 Aufkleber f\u00fcr den Bulli, bitte Farbe w\u00e4hlen*<br \/>\n<span class=\"wpcf7-form-control-wrap\" data-name=\"menu-Aufkleber\"><select class=\"wpcf7-form-control wpcf7-select wpcf7-validates-as-required\" aria-required=\"true\" aria-invalid=\"false\" name=\"menu-Aufkleber\"><option value=\"\">&#8211; Bitte ausw\u00e4hlen &#8211;<\/option><option value=\"wei\u00df\">wei\u00df<\/option><option value=\"schwarz\">schwarz<\/option><option value=\"silber\">silber<\/option><\/select><\/span> <\/label>\n<\/p>\n<p><label> zus\u00e4tzliche Informationen<br \/>\n<span class=\"wpcf7-form-control-wrap\" data-name=\"textarea-Info\"><textarea cols=\"40\" rows=\"10\" maxlength=\"2000\" class=\"wpcf7-form-control wpcf7-textarea\" aria-invalid=\"false\" name=\"textarea-Info\"><\/textarea><\/span> <\/label>\n<\/p>\n<p><label> <input type=\"hidden\" name=\"_wpcf7_captcha_challenge_captcha-170\" value=\"1400799586\" \/><img loading=\"lazy\" decoding=\"async\" class=\"wpcf7-form-control wpcf7-captchac wpcf7-captcha-captcha-170\" width=\"84\" height=\"28\" alt=\"captcha\" src=\"https:\/\/www.ig-t3.de\/wp-content\/uploads\/wpcf7_captcha\/1400799586.png\" \/><br \/>\n<span class=\"wpcf7-form-control-wrap\" data-name=\"captcha-170\"><input size=\"40\" class=\"wpcf7-form-control wpcf7-captchar\" autocomplete=\"off\" aria-invalid=\"false\" value=\"\" type=\"text\" name=\"captcha-170\" \/><\/span> <\/label>\n<\/p>\n<p><label> Hiermit stimme ich der Erhebung der Daten gem\u00e4\u00df der <a href=\"\/?page_id=987\/\">Datenschutzerkl\u00e4rung<\/a> zu.<br \/>\nHier H\u00e4kchen setzen <span class=\"wpcf7-form-control-wrap\" data-name=\"acceptance-DSGVO\"><span class=\"wpcf7-form-control wpcf7-acceptance\"><span class=\"wpcf7-list-item\"><input type=\"checkbox\" name=\"acceptance-DSGVO\" value=\"1\" aria-invalid=\"false\" \/><\/span><\/span><\/span> <\/label>\n<\/p>\n<p><input class=\"wpcf7-form-control wpcf7-submit has-spinner\" type=\"submit\" value=\"Senden\" \/>\n<\/p>\n<p>Dieses Formular verwendet Akismet, um Spam zu reduzieren. <a target=\"_blank\" rel=\"nofollow noopener\" href=\"https:\/\/akismet.com\/privacy\/\">Erfahre, wie deine Daten verarbeitet werden.<\/a>\n<\/p><p style=\"display: none !important;\" class=\"akismet-fields-container\" data-prefix=\"_wpcf7_ak_\"><label>&#916;<textarea name=\"_wpcf7_ak_hp_textarea\" cols=\"45\" rows=\"8\" maxlength=\"100\"><\/textarea><\/label><input type=\"hidden\" id=\"ak_js_1\" name=\"_wpcf7_ak_js\" value=\"174\"\/><script>document.getElementById( \"ak_js_1\" ).setAttribute( \"value\", ( new Date() ).getTime() );<\/script><\/p><div class=\"wpcf7-response-output\" aria-hidden=\"true\"><\/div>\n<\/form>\n<\/div>\n<\/div>\n","protected":false},"excerpt":{"rendered":"<p>Der Interessengemeinschaft T3 kann grunds\u00e4tzlich jede nat\u00fcrliche und juristische Person beitreten. Dabei spielt es keine Rolle, ob sie nun schon lange ein solches Fahrzeug besitzt, sich mit dem Gedanken tr\u00e4gt, eins zu beschaffen oder sich einfach nur f\u00fcr dieses Fahrzeug &hellip; <a href=\"https:\/\/www.ig-t3.de\/?page_id=182\">Weiterlesen <span class=\"meta-nav\">&rarr;<\/span><\/a><\/p>\n","protected":false},"author":1,"featured_media":0,"parent":8,"menu_order":0,"comment_status":"closed","ping_status":"closed","template":"","meta":{"footnotes":""},"class_list":["post-182","page","type-page","status-publish","hentry"],"_links":{"self":[{"href":"https:\/\/www.ig-t3.de\/index.php?rest_route=\/wp\/v2\/pages\/182","targetHints":{"allow":["GET"]}}],"collection":[{"href":"https:\/\/www.ig-t3.de\/index.php?rest_route=\/wp\/v2\/pages"}],"about":[{"href":"https:\/\/www.ig-t3.de\/index.php?rest_route=\/wp\/v2\/types\/page"}],"author":[{"embeddable":true,"href":"https:\/\/www.ig-t3.de\/index.php?rest_route=\/wp\/v2\/users\/1"}],"replies":[{"embeddable":true,"href":"https:\/\/www.ig-t3.de\/index.php?rest_route=%2Fwp%2Fv2%2Fcomments&post=182"}],"version-history":[{"count":18,"href":"https:\/\/www.ig-t3.de\/index.php?rest_route=\/wp\/v2\/pages\/182\/revisions"}],"predecessor-version":[{"id":1626,"href":"https:\/\/www.ig-t3.de\/index.php?rest_route=\/wp\/v2\/pages\/182\/revisions\/1626"}],"up":[{"embeddable":true,"href":"https:\/\/www.ig-t3.de\/index.php?rest_route=\/wp\/v2\/pages\/8"}],"wp:attachment":[{"href":"https:\/\/www.ig-t3.de\/index.php?rest_route=%2Fwp%2Fv2%2Fmedia&parent=182"}],"curies":[{"name":"wp","href":"https:\/\/api.w.org\/{rel}","templated":true}]}}