{"id":1646,"date":"2025-01-06T19:14:03","date_gmt":"2025-01-06T17:14:03","guid":{"rendered":"https:\/\/www.ig-t3.de\/?page_id=1646"},"modified":"2025-07-01T16:07:42","modified_gmt":"2025-07-01T14:07:42","slug":"anmeldung-jahrestreffen","status":"publish","type":"page","link":"https:\/\/www.ig-t3.de\/?page_id=1646","title":{"rendered":"Jahrestreffen 2025"},"content":{"rendered":"\n<p style=\"font-size:16px\">Das Treffen fand in der Fr\u00e4nkischen Schweiz in Waischenfeld statt und wurde ausgerichtet von Steffen und Annette#19 sowie Ralf und Renate#96.<\/p>\n\n\n\n<p>Teilgenommen haben 33 Bullis und 4 Expeditionsmobile.<\/p>\n\n\n\n<p class=\"has-large-font-size\">Programm<\/p>\n\n\n\n<p style=\"font-size:16px;font-style:italic;font-weight:500\">28.05.2025 Mittwoch<\/p>\n\n\n\n<p>Allgemeine Anreise<br>ACHTUNG! Von 22-8 Uhr und von 13-15 Uhr darf der Platz nicht befahren werden!<\/p>\n\n\n\n<p>Abends gemeinsames Grillen(evtl.) und Lagerfeuer (wer hat, kann gerne etwas Holz beisteuern)<\/p>\n\n\n\n<p style=\"font-size:16px;font-style:italic;font-weight:500\">29.05.2025 Donnerstag<\/p>\n\n\n\n<p>Allgemeine Anreise<\/p>\n\n\n\n<p>Ab heute hat das Freibad direkt am Campingplatz ge\u00f6ffnet und kann kostenlos genutzt werden.<\/p>\n\n\n\n<p>Am sp\u00e4ten Vormittag Radtour rund um Waischenfeld f\u00fcr sportliche Radfahrer und E-Bike-Fahrer (ca. 23 km). Wer nicht Radfahren m\u00f6chte, kann in der Zeit zu einer kleinen Wanderung in den einen oder anderen Biergarten der Umgebung aufbrechen.<\/p>\n\n\n\n<p>Abends gemeinsames Grillen und Lagerfeuer<\/p>\n\n\n\n<p style=\"font-size:16px;font-style:italic;font-weight:500\">30.05.2025 Freitag<\/p>\n\n\n\n<p>ca. 10:30 Uhr Ausfahrt nach Pottenstein zur Teufelsh\u00f6hle, mit F\u00fchrung<\/p>\n\n\n\n<p>ca. 17:30 Uhr gemeinsames Grillen<\/p>\n\n\n\n<p>ca. 19:30 Uhr Jahreshauptversammlung<\/p>\n\n\n\n<p>anschlie\u00dfend Lagerfeuer<\/p>\n\n\n\n<p style=\"font-size:16px;font-style:italic;font-weight:500\">31.05.2025 Samstag<\/p>\n\n\n\n<p>ca. 10:00 Wanderung zur Burg Rabenstein mit F\u00fchrung durch die Burg (ca. 5km)<\/p>\n\n\n\n<p>ca. 16 Uhr Steine bemalen und ein paar Spiele f\u00fcr die Kleinen<\/p>\n\n\n\n<p>Abends gemeinsames Grillen und Lagerfeuer<\/p>\n\n\n\n<p style=\"font-size:16px;font-style:italic;font-weight:500\">01.06.2025 Sonntag<\/p>\n\n\n\n<p>Abreise<\/p>\n\n\n\n<p><\/p>\n","protected":false},"excerpt":{"rendered":"<p>Das Treffen fand in der Fr\u00e4nkischen Schweiz in Waischenfeld statt und wurde ausgerichtet von Steffen und Annette#19 sowie Ralf und Renate#96. Teilgenommen haben 33 Bullis und 4 Expeditionsmobile. Programm 28.05.2025 Mittwoch Allgemeine AnreiseACHTUNG! Von 22-8 Uhr und von 13-15 Uhr &hellip; <a href=\"https:\/\/www.ig-t3.de\/?page_id=1646\">Weiterlesen <span class=\"meta-nav\">&rarr;<\/span><\/a><\/p>\n","protected":false},"author":1,"featured_media":0,"parent":205,"menu_order":0,"comment_status":"closed","ping_status":"closed","template":"","meta":{"footnotes":""},"class_list":["post-1646","page","type-page","status-publish","hentry"],"_links":{"self":[{"href":"https:\/\/www.ig-t3.de\/index.php?rest_route=\/wp\/v2\/pages\/1646","targetHints":{"allow":["GET"]}}],"collection":[{"href":"https:\/\/www.ig-t3.de\/index.php?rest_route=\/wp\/v2\/pages"}],"about":[{"href":"https:\/\/www.ig-t3.de\/index.php?rest_route=\/wp\/v2\/types\/page"}],"author":[{"embeddable":true,"href":"https:\/\/www.ig-t3.de\/index.php?rest_route=\/wp\/v2\/users\/1"}],"replies":[{"embeddable":true,"href":"https:\/\/www.ig-t3.de\/index.php?rest_route=%2Fwp%2Fv2%2Fcomments&post=1646"}],"version-history":[{"count":9,"href":"https:\/\/www.ig-t3.de\/index.php?rest_route=\/wp\/v2\/pages\/1646\/revisions"}],"predecessor-version":[{"id":1665,"href":"https:\/\/www.ig-t3.de\/index.php?rest_route=\/wp\/v2\/pages\/1646\/revisions\/1665"}],"up":[{"embeddable":true,"href":"https:\/\/www.ig-t3.de\/index.php?rest_route=\/wp\/v2\/pages\/205"}],"wp:attachment":[{"href":"https:\/\/www.ig-t3.de\/index.php?rest_route=%2Fwp%2Fv2%2Fmedia&parent=1646"}],"curies":[{"name":"wp","href":"https:\/\/api.w.org\/{rel}","templated":true}]}}

<p style="font-size:16px">Das Treffen fand in der Fränkischen Schweiz in Waischenfeld statt und wurde ausgerichtet von Steffen und Annette#19 sowie Ralf und Renate#96.</p>



<p>Teilgenommen haben 33 Bullis und 4 Expeditionsmobile.</p>



<p class="has-large-font-size">Programm</p>



<p style="font-size:16px;font-style:italic;font-weight:500">28.05.2025 Mittwoch</p>



<p>Allgemeine Anreise<br>ACHTUNG! Von 22-8 Uhr und von 13-15 Uhr darf der Platz nicht befahren werden!</p>



<p>Abends gemeinsames Grillen(evtl.) und Lagerfeuer (wer hat, kann gerne etwas Holz beisteuern)</p>



<p style="font-size:16px;font-style:italic;font-weight:500">29.05.2025 Donnerstag</p>



<p>Allgemeine Anreise</p>



<p>Ab heute hat das Freibad direkt am Campingplatz geöffnet und kann kostenlos genutzt werden.</p>



<p>Am späten Vormittag Radtour rund um Waischenfeld für sportliche Radfahrer und E-Bike-Fahrer (ca. 23 km). Wer nicht Radfahren möchte, kann in der Zeit zu einer kleinen Wanderung in den einen oder anderen Biergarten der Umgebung aufbrechen.</p>



<p>Abends gemeinsames Grillen und Lagerfeuer</p>



<p style="font-size:16px;font-style:italic;font-weight:500">30.05.2025 Freitag</p>



<p>ca. 10:30 Uhr Ausfahrt nach Pottenstein zur Teufelshöhle, mit Führung</p>



<p>ca. 17:30 Uhr gemeinsames Grillen</p>



<p>ca. 19:30 Uhr Jahreshauptversammlung</p>



<p>anschließend Lagerfeuer</p>



<p style="font-size:16px;font-style:italic;font-weight:500">31.05.2025 Samstag</p>



<p>ca. 10:00 Wanderung zur Burg Rabenstein mit Führung durch die Burg (ca. 5km)</p>



<p>ca. 16 Uhr Steine bemalen und ein paar Spiele für die Kleinen</p>



<p>Abends gemeinsames Grillen und Lagerfeuer</p>



<p style="font-size:16px;font-style:italic;font-weight:500">01.06.2025 Sonntag</p>



<p>Abreise</p>



<p></p>

<p>Das Treffen fand in der Fränkischen Schweiz in Waischenfeld statt und wurde ausgerichtet von Steffen und Annette#19 sowie Ralf und Renate#96. Teilgenommen haben 33 Bullis und 4 Expeditionsmobile. Programm 28.05.2025 Mittwoch Allgemeine AnreiseACHTUNG! Von 22-8 Uhr und von 13-15 Uhr &hellip; <a href="https://www.ig-t3.de/?page_id=1646">Weiterlesen <span class="meta-nav">&rarr;</span></a></p>
